{"id":42,"date":"2016-03-25T21:31:34","date_gmt":"2016-03-25T20:31:34","guid":{"rendered":"http:\/\/cca-lyon.fr\/?page_id=42"},"modified":"2024-10-02T22:17:24","modified_gmt":"2024-10-02T20:17:24","slug":"scolaires","status":"publish","type":"page","link":"https:\/\/cca-lyon.fr\/index.php\/scolaires\/","title":{"rendered":"Jeunes"},"content":{"rendered":"<p><strong>Les jeunes<\/strong><\/p>\n<ul>\n<li>Les cours d&rsquo;une heure et demie ont lieu le mercredi de 14h et \u00e0 15h30.<\/li>\n<li>Comme pour les adultes, il est conseill\u00e9 de venir pratiquer r\u00e9guli\u00e8rement pour progresser rapidement.<\/li>\n<li>Un challenge interne par handicap est organis\u00e9 une fois par trimestre.<\/li>\n<li>Un challenge inter-clubs sera aussi propos\u00e9 une fois par trimestre.<\/li>\n<li>Enfin les jeunes et leurs parents sont invit\u00e9s a toutes les manifestations<\/li>\n<\/ul>\n<p>Venez vous renseigner au club pour plus d&rsquo;informations sur la p\u00e9dagogie et le calendrier.<\/p>\n<p><img loading=\"lazy\" decoding=\"async\" class=\"alignnone size-medium wp-image-543\" src=\"http:\/\/cca-lyon.fr\/wp-content\/uploads\/2016\/03\/jpp_2014_ffb_loisir_carambole_024-300x200.jpg\" alt=\"jpp_2014_ffb_loisir_carambole_024\" width=\"300\" height=\"200\" srcset=\"https:\/\/cca-lyon.fr\/wp-content\/uploads\/2016\/03\/jpp_2014_ffb_loisir_carambole_024-300x200.jpg 300w, https:\/\/cca-lyon.fr\/wp-content\/uploads\/2016\/03\/jpp_2014_ffb_loisir_carambole_024-768x511.jpg 768w, https:\/\/cca-lyon.fr\/wp-content\/uploads\/2016\/03\/jpp_2014_ffb_loisir_carambole_024-1024x682.jpg 1024w, https:\/\/cca-lyon.fr\/wp-content\/uploads\/2016\/03\/jpp_2014_ffb_loisir_carambole_024.jpg 1200w\" sizes=\"auto, (max-width: 300px) 100vw, 300px\" \/><\/p>\n","protected":false},"excerpt":{"rendered":"<p>Les jeunes Les cours d&rsquo;une heure et demie ont lieu le mercredi de 14h et \u00e0 15h30. Comme pour les adultes, il est conseill\u00e9 de venir pratiquer r\u00e9guli\u00e8rement pour progresser rapidement. Un challenge interne par handicap est organis\u00e9 une fois par trimestre. Un challenge inter-clubs sera aussi propos\u00e9 une fois par trimestre. Enfin les jeunes [&hellip;]<\/p>\n","protected":false},"author":4,"featured_media":0,"parent":0,"menu_order":0,"comment_status":"closed","ping_status":"closed","template":"","meta":{"footnotes":""},"class_list":["post-42","page","type-page","status-publish","hentry"],"_links":{"self":[{"href":"https:\/\/cca-lyon.fr\/index.php\/wp-json\/wp\/v2\/pages\/42","targetHints":{"allow":["GET"]}}],"collection":[{"href":"https:\/\/cca-lyon.fr\/index.php\/wp-json\/wp\/v2\/pages"}],"about":[{"href":"https:\/\/cca-lyon.fr\/index.php\/wp-json\/wp\/v2\/types\/page"}],"author":[{"embeddable":true,"href":"https:\/\/cca-lyon.fr\/index.php\/wp-json\/wp\/v2\/users\/4"}],"replies":[{"embeddable":true,"href":"https:\/\/cca-lyon.fr\/index.php\/wp-json\/wp\/v2\/comments?post=42"}],"version-history":[{"count":15,"href":"https:\/\/cca-lyon.fr\/index.php\/wp-json\/wp\/v2\/pages\/42\/revisions"}],"predecessor-version":[{"id":2744,"href":"https:\/\/cca-lyon.fr\/index.php\/wp-json\/wp\/v2\/pages\/42\/revisions\/2744"}],"wp:attachment":[{"href":"https:\/\/cca-lyon.fr\/index.php\/wp-json\/wp\/v2\/media?parent=42"}],"curies":[{"name":"wp","href":"https:\/\/api.w.org\/{rel}","templated":true}]}}